{"id":429,"date":"2021-12-07T13:58:52","date_gmt":"2021-12-07T13:58:52","guid":{"rendered":"https:\/\/liceocampestrefacatativa.edu.co\/Liceo\/?page_id=429"},"modified":"2021-12-07T14:32:55","modified_gmt":"2021-12-07T14:32:55","slug":"nuestra-oficina","status":"publish","type":"page","link":"https:\/\/liceocampestrefacatativa.edu.co\/Liceo\/nuestra-oficina\/","title":{"rendered":"Nuestra oficina"},"content":{"rendered":"\n<div class=\"wp-block-media-text alignwide is-stacked-on-mobile\"><figure class=\"wp-block-media-text__media\"><img loading=\"lazy\" width=\"737\" height=\"744\" src=\"https:\/\/liceocampestrefacatativa.edu.co\/Liceo\/wp-content\/uploads\/2021\/12\/Equipo-2.jpeg\" alt=\"\" class=\"wp-image-477 size-full\" srcset=\"https:\/\/liceocampestrefacatativa.edu.co\/wp-content\/uploads\/2021\/12\/Equipo-2.jpeg 737w, https:\/\/liceocampestrefacatativa.edu.co\/wp-content\/uploads\/2021\/12\/Equipo-2-297x300.jpeg 297w, https:\/\/liceocampestrefacatativa.edu.co\/wp-content\/uploads\/2021\/12\/Equipo-2-150x150.jpeg 150w\" sizes=\"(max-width: 737px) 100vw, 737px\" \/><\/figure><div class=\"wp-block-media-text__content\">\n<blockquote class=\"wp-block-quote\"><p>El Liceo Campestre Facatativ\u00e1, quiere estar en contacto con ustedes los egresados; para ello ha conformado un equipo de trabajo, creando as\u00ed una oficina virtual que nos permite estar en constante comunicaci\u00f3n y conocer sus inquietudes y sugerencias.<\/p><\/blockquote>\n<\/div><\/div>\n","protected":false},"excerpt":{"rendered":"<p>El Liceo Campestre Facatativ\u00e1, quiere estar en contacto con ustedes los egresados; para ello ha conformado un equipo de trabajo, creando as\u00ed una oficina virtual que nos permite estar en constante comunicaci\u00f3n y conocer sus inquietudes y sugerencias.<\/p>\n","protected":false},"author":1,"featured_media":0,"parent":0,"menu_order":0,"comment_status":"closed","ping_status":"closed","template":"","meta":[],"_links":{"self":[{"href":"https:\/\/liceocampestrefacatativa.edu.co\/Liceo\/wp-json\/wp\/v2\/pages\/429"}],"collection":[{"href":"https:\/\/liceocampestrefacatativa.edu.co\/Liceo\/wp-json\/wp\/v2\/pages"}],"about":[{"href":"https:\/\/liceocampestrefacatativa.edu.co\/Liceo\/wp-json\/wp\/v2\/types\/page"}],"author":[{"embeddable":true,"href":"https:\/\/liceocampestrefacatativa.edu.co\/Liceo\/wp-json\/wp\/v2\/users\/1"}],"replies":[{"embeddable":true,"href":"https:\/\/liceocampestrefacatativa.edu.co\/Liceo\/wp-json\/wp\/v2\/comments?post=429"}],"version-history":[{"count":2,"href":"https:\/\/liceocampestrefacatativa.edu.co\/Liceo\/wp-json\/wp\/v2\/pages\/429\/revisions"}],"predecessor-version":[{"id":478,"href":"https:\/\/liceocampestrefacatativa.edu.co\/Liceo\/wp-json\/wp\/v2\/pages\/429\/revisions\/478"}],"wp:attachment":[{"href":"https:\/\/liceocampestrefacatativa.edu.co\/Liceo\/wp-json\/wp\/v2\/media?parent=429"}],"curies":[{"name":"wp","href":"https:\/\/api.w.org\/{rel}","templated":true}]}}