{"id":167,"date":"2019-08-02T00:57:08","date_gmt":"2019-08-02T00:57:08","guid":{"rendered":"https:\/\/liceocampestrefacatativa.edu.co\/Liceo\/?page_id=167"},"modified":"2023-03-17T00:36:48","modified_gmt":"2023-03-17T00:36:48","slug":"principios-institucionales","status":"publish","type":"page","link":"https:\/\/liceocampestrefacatativa.edu.co\/Liceo\/principios-institucionales\/","title":{"rendered":"Principios institucionales"},"content":{"rendered":"\n<p class=\"has-text-align-center\">A continuaci\u00f3n presentamos los principios que guiar\u00e1n el actuar de todos los miembros de la comunidad educativa del Liceo y la toma de decisiones en los diferentes \u00e1mbitos del quehacer educativo.<\/p>\n\n\n\n<figure class=\"wp-block-image size-large\"><img loading=\"lazy\" width=\"1024\" height=\"189\" src=\"https:\/\/liceocampestrefacatativa.edu.co\/Liceo\/wp-content\/uploads\/2023\/03\/Cultura-LCF-Horizontal-1024x189.png\" alt=\"\" class=\"wp-image-544\" srcset=\"https:\/\/liceocampestrefacatativa.edu.co\/wp-content\/uploads\/2023\/03\/Cultura-LCF-Horizontal-1024x189.png 1024w, https:\/\/liceocampestrefacatativa.edu.co\/wp-content\/uploads\/2023\/03\/Cultura-LCF-Horizontal-300x55.png 300w, https:\/\/liceocampestrefacatativa.edu.co\/wp-content\/uploads\/2023\/03\/Cultura-LCF-Horizontal-768x142.png 768w, https:\/\/liceocampestrefacatativa.edu.co\/wp-content\/uploads\/2023\/03\/Cultura-LCF-Horizontal-1536x283.png 1536w, https:\/\/liceocampestrefacatativa.edu.co\/wp-content\/uploads\/2023\/03\/Cultura-LCF-Horizontal-2048x378.png 2048w\" sizes=\"(max-width: 1024px) 100vw, 1024px\" \/><\/figure>\n\n\n\n<div class=\"wp-block-columns are-vertically-aligned-top\">\n<div class=\"wp-block-column is-vertically-aligned-top\" style=\"flex-basis:100%\">\n<div class=\"wp-block-group\"><div class=\"wp-block-group__inner-container\">\n<div class=\"wp-block-columns\">\n<div class=\"wp-block-column\" style=\"flex-basis:100%\">\n<div class=\"wp-block-image\"><figure class=\"aligncenter size-large\"><img loading=\"lazy\" width=\"1024\" height=\"914\" src=\"https:\/\/liceocampestrefacatativa.edu.co\/Liceo\/wp-content\/uploads\/2023\/03\/Principio-1-Liceistas-1024x914.png\" alt=\"\" class=\"wp-image-545\" srcset=\"https:\/\/liceocampestrefacatativa.edu.co\/wp-content\/uploads\/2023\/03\/Principio-1-Liceistas-1024x914.png 1024w, https:\/\/liceocampestrefacatativa.edu.co\/wp-content\/uploads\/2023\/03\/Principio-1-Liceistas-300x268.png 300w, https:\/\/liceocampestrefacatativa.edu.co\/wp-content\/uploads\/2023\/03\/Principio-1-Liceistas-768x685.png 768w, https:\/\/liceocampestrefacatativa.edu.co\/wp-content\/uploads\/2023\/03\/Principio-1-Liceistas-1536x1371.png 1536w, https:\/\/liceocampestrefacatativa.edu.co\/wp-content\/uploads\/2023\/03\/Principio-1-Liceistas-2048x1828.png 2048w\" sizes=\"(max-width: 1024px) 100vw, 1024px\" \/><\/figure><\/div>\n<\/div>\n<\/div>\n<\/div><\/div>\n<\/div>\n<\/div>\n\n\n\n<figure class=\"wp-block-image size-large\"><img loading=\"lazy\" width=\"1024\" height=\"859\" src=\"https:\/\/liceocampestrefacatativa.edu.co\/Liceo\/wp-content\/uploads\/2023\/03\/Principio-2-Diferencia-1-3-1024x859.png\" alt=\"\" class=\"wp-image-571\" srcset=\"https:\/\/liceocampestrefacatativa.edu.co\/wp-content\/uploads\/2023\/03\/Principio-2-Diferencia-1-3-1024x859.png 1024w, https:\/\/liceocampestrefacatativa.edu.co\/wp-content\/uploads\/2023\/03\/Principio-2-Diferencia-1-3-300x252.png 300w, https:\/\/liceocampestrefacatativa.edu.co\/wp-content\/uploads\/2023\/03\/Principio-2-Diferencia-1-3-768x644.png 768w, https:\/\/liceocampestrefacatativa.edu.co\/wp-content\/uploads\/2023\/03\/Principio-2-Diferencia-1-3-1536x1289.png 1536w, https:\/\/liceocampestrefacatativa.edu.co\/wp-content\/uploads\/2023\/03\/Principio-2-Diferencia-1-3-2048x1719.png 2048w\" sizes=\"(max-width: 1024px) 100vw, 1024px\" \/><\/figure>\n\n\n\n<figure class=\"wp-block-image size-large\"><img loading=\"lazy\" width=\"1024\" height=\"789\" src=\"https:\/\/liceocampestrefacatativa.edu.co\/Liceo\/wp-content\/uploads\/2023\/03\/Principio-3-Calidad-2-1024x789.png\" alt=\"\" class=\"wp-image-572\" srcset=\"https:\/\/liceocampestrefacatativa.edu.co\/wp-content\/uploads\/2023\/03\/Principio-3-Calidad-2-1024x789.png 1024w, https:\/\/liceocampestrefacatativa.edu.co\/wp-content\/uploads\/2023\/03\/Principio-3-Calidad-2-300x231.png 300w, https:\/\/liceocampestrefacatativa.edu.co\/wp-content\/uploads\/2023\/03\/Principio-3-Calidad-2-768x591.png 768w, https:\/\/liceocampestrefacatativa.edu.co\/wp-content\/uploads\/2023\/03\/Principio-3-Calidad-2-1536x1183.png 1536w, https:\/\/liceocampestrefacatativa.edu.co\/wp-content\/uploads\/2023\/03\/Principio-3-Calidad-2-2048x1577.png 2048w\" sizes=\"(max-width: 1024px) 100vw, 1024px\" \/><\/figure>\n\n\n\n<figure class=\"wp-block-image size-large\"><img loading=\"lazy\" width=\"1024\" height=\"739\" src=\"https:\/\/liceocampestrefacatativa.edu.co\/Liceo\/wp-content\/uploads\/2023\/03\/Principio-4-Cambio-2-1024x739.png\" alt=\"\" class=\"wp-image-573\" srcset=\"https:\/\/liceocampestrefacatativa.edu.co\/wp-content\/uploads\/2023\/03\/Principio-4-Cambio-2-1024x739.png 1024w, https:\/\/liceocampestrefacatativa.edu.co\/wp-content\/uploads\/2023\/03\/Principio-4-Cambio-2-300x216.png 300w, https:\/\/liceocampestrefacatativa.edu.co\/wp-content\/uploads\/2023\/03\/Principio-4-Cambio-2-768x554.png 768w, https:\/\/liceocampestrefacatativa.edu.co\/wp-content\/uploads\/2023\/03\/Principio-4-Cambio-2-1536x1108.png 1536w, https:\/\/liceocampestrefacatativa.edu.co\/wp-content\/uploads\/2023\/03\/Principio-4-Cambio-2-2048x1478.png 2048w\" sizes=\"(max-width: 1024px) 100vw, 1024px\" \/><\/figure>\n\n\n\n<figure class=\"wp-block-image size-large\"><img loading=\"lazy\" width=\"998\" height=\"1024\" src=\"https:\/\/liceocampestrefacatativa.edu.co\/Liceo\/wp-content\/uploads\/2023\/03\/Principio-5-Comunicacion-2-998x1024.png\" alt=\"\" class=\"wp-image-574\" srcset=\"https:\/\/liceocampestrefacatativa.edu.co\/wp-content\/uploads\/2023\/03\/Principio-5-Comunicacion-2-998x1024.png 998w, https:\/\/liceocampestrefacatativa.edu.co\/wp-content\/uploads\/2023\/03\/Principio-5-Comunicacion-2-292x300.png 292w, https:\/\/liceocampestrefacatativa.edu.co\/wp-content\/uploads\/2023\/03\/Principio-5-Comunicacion-2-768x788.png 768w, https:\/\/liceocampestrefacatativa.edu.co\/wp-content\/uploads\/2023\/03\/Principio-5-Comunicacion-2-1497x1536.png 1497w, https:\/\/liceocampestrefacatativa.edu.co\/wp-content\/uploads\/2023\/03\/Principio-5-Comunicacion-2-1996x2048.png 1996w\" sizes=\"(max-width: 998px) 100vw, 998px\" \/><\/figure>\n","protected":false},"excerpt":{"rendered":"<p>A continuaci\u00f3n presentamos los principios que guiar\u00e1n el actuar de todos los miembros de la comunidad educativa del Liceo y la toma de decisiones en los diferentes \u00e1mbitos del quehacer educativo.<\/p>\n","protected":false},"author":1,"featured_media":0,"parent":0,"menu_order":0,"comment_status":"closed","ping_status":"closed","template":"","meta":[],"_links":{"self":[{"href":"https:\/\/liceocampestrefacatativa.edu.co\/Liceo\/wp-json\/wp\/v2\/pages\/167"}],"collection":[{"href":"https:\/\/liceocampestrefacatativa.edu.co\/Liceo\/wp-json\/wp\/v2\/pages"}],"about":[{"href":"https:\/\/liceocampestrefacatativa.edu.co\/Liceo\/wp-json\/wp\/v2\/types\/page"}],"author":[{"embeddable":true,"href":"https:\/\/liceocampestrefacatativa.edu.co\/Liceo\/wp-json\/wp\/v2\/users\/1"}],"replies":[{"embeddable":true,"href":"https:\/\/liceocampestrefacatativa.edu.co\/Liceo\/wp-json\/wp\/v2\/comments?post=167"}],"version-history":[{"count":13,"href":"https:\/\/liceocampestrefacatativa.edu.co\/Liceo\/wp-json\/wp\/v2\/pages\/167\/revisions"}],"predecessor-version":[{"id":575,"href":"https:\/\/liceocampestrefacatativa.edu.co\/Liceo\/wp-json\/wp\/v2\/pages\/167\/revisions\/575"}],"wp:attachment":[{"href":"https:\/\/liceocampestrefacatativa.edu.co\/Liceo\/wp-json\/wp\/v2\/media?parent=167"}],"curies":[{"name":"wp","href":"https:\/\/api.w.org\/{rel}","templated":true}]}}